8
Calculate the highest common factor of 28421 and 4171.
97
What is the greatest common divisor of 7107 and 721?
103
Calculate the greatest common factor of 77 and 580503.
77
Calculate the highest common factor of 13838 and 1496.
374
Calculate the highest common divisor of 108979 and 4897.
83
What is the highest common factor of 1158381 and 243?
243
What is the highest common factor of 163 and 239773?
163
Calculate the greatest common factor of 2 and 11677.
1
What is the highest common factor of 3896909 and 227?
227
What is the greatest common factor of 27 and 498339?
27
Calculate the highest common factor of 24 and 344536.
8
Calculate the greatest common divisor of 65 and 2426710.
65
Calculate the highest common factor of 455 and 31535.
35
What is the highest common factor of 1776 and 10038?
6
Calculate the highest common divisor of 1512126 and 22.
22
Calculate the highest common factor of 3848 and 2516.
148
Calculate the greatest common factor of 34957 and 26.
13
Calculate the highest common divisor of 912 and 16454.
38
Calculate the highest common factor of 14331 and 204.
51
Calculate the greatest common factor of 20850 and 32550.
150
Calculate the greatest common factor of 45216 and 2904.
24
Calculate the highest common divisor of 443030 and 105.
35
Calculate the greatest common factor of 128140 and 20640.
860
Calculate the highest common factor of 28140 and 28.
28
What is the greatest common divisor of 23800 and 1768?
136
Calculate the highest common divisor of 36 and 310434.
6
What is the highest common factor of 1154 and 38?
2
What is the greatest common divisor of 2367 and 90?
9
Calculate the greatest common factor of 34 and 3179.
17
Calculate the highest common divisor of 2 and 2212.
2
Calculate the highest common divisor of 36398 and 18.
2
Calculate the greatest common divisor of 9408 and 16268.
196
What is the highest common divisor of 8965 and 11?
11
What is the greatest common divisor of 368 and 605084?
92
Calculate the greatest common factor of 151350 and 25.
25
What is the highest common factor of 884 and 6324?
68
What is the highest common factor of 1162 and 1792?
14
What is the greatest common divisor of 2625 and 17125?
125
What is the highest common factor of 6310 and 20?
10
Calculate the greatest common factor of 38 and 43814.
38
What is the highest common factor of 4951881 and 66?
33
Calculate the highest common divisor of 39135 and 1135.
5
What is the greatest common divisor of 2146 and 4458315?
1073
Calculate the greatest common factor of 5069 and 703.
37
Calculate the highest common factor of 26843 and 425.
17
What is the highest common factor of 1117728 and 576?
288
What is the highest common divisor of 50 and 57425?
25
What is the greatest common factor of 3104 and 416?
32
Calculate the greatest common factor of 935 and 121.
11
What is the greatest common divisor of 347532 and 3?
3
What is the highest common factor of 970 and 5323845?
485
Calculate the greatest common factor of 560 and 1575.
35
Calculate the greatest common divisor of 17540 and 845.
5
Calculate the highest common factor of 513672 and 459.
51
What is the greatest common factor of 23 and 2072?
1
Calculate the highest common divisor of 906 and 38354.
302
Calculate the highest common factor of 32918 and 22454.
218
What is the greatest common divisor of 1412616 and 72?
24
What is the greatest common divisor of 24 and 11946?
6
Calculate the highest common divisor of 44539 and 22.
11
Calculate the highest common factor of 45 and 1835.
5
What is the highest common divisor of 20803 and 9376?
293
What is the greatest common factor of 2042020 and 20?
20
Calculate the highest common divisor of 4834313 and 484.
121
What is the greatest common factor of 4797569 and 7?
7
What is the greatest common divisor of 19716 and 6696?
372
Calculate the greatest common divisor of 873238 and 274.
274
What is the greatest common divisor of 1671960 and 30?
30
Calculate the highest common divisor of 9732 and 18653.
811
Calculate the greatest common factor of 181070 and 20.
10
What is the greatest common divisor of 810 and 40730?
10
Calculate the highest common divisor of 10 and 1197470.
10
What is the greatest common factor of 105 and 182462?
7
What is the greatest common divisor of 5162 and 1682?
58
Calculate the greatest common divisor of 29138 and 285381.
857
What is the greatest common divisor of 362688 and 224?
32
Calculate the highest common factor of 6281 and 495.
11
Calculate the greatest common factor of 35 and 473116.
7
What is the highest common divisor of 1610 and 126868?
322
What is the greatest common factor of 192 and 149856?
96
Calculate the greatest common divisor of 14681 and 69536.
53
What is the greatest common factor of 945 and 44604?
189
What is the greatest common divisor of 8 and 103592?
8
Calculate the greatest common factor of 1862655 and 690.
345
What is the highest common divisor of 216419 and 4816?
301
Calculate the highest common divisor of 1668702 and 126.
42
What is the greatest common factor of 4488 and 12056?
88
What is the greatest common factor of 3592 and 328?
8
What is the highest common factor of 10475 and 12625?
25
What is the greatest common factor of 260962 and 26?
26
Calculate the highest common factor of 132891 and 264.
33
Calculate the greatest common factor of 365957 and 293.
293
What is the greatest common divisor of 938 and 1139?
67
What is the greatest common factor of 28767 and 3345?
669
What is the highest common factor of 46107 and 18?
9
Calculate the highest common divisor of 63042 and 4368.
42
What is the greatest common divisor of 60513 and 244683?
2631
Calculate the greatest common factor of 4208752 and 16.
16
Calculate the highest common divisor of 399 and 113183.
133
What is the highest common divisor of 2616 and 48?
24
What is the highest common factor of 42 and 71582?
14
What is the greatest common divisor of 88872 and 1344?
168
What is the highest common divisor of 186 and 8102?
2
What is the greatest common divisor of 710 and 258156?
142
Calculate the greatest common divisor of 21 and 342174.
21
Calculate the highest common factor of 1645 and 1155.
35
Calculate the greatest common factor of 314 and 36.
2
What is the highest common factor of 623 and 9075241?
623
Calculate the highest common factor of 189973 and 49.
49
What is the greatest common divisor of 840 and 1455384?
168
What is the greatest common divisor of 1006 and 601085?
503
Calculate the greatest common divisor of 2 and 5036.
2
Calculate the greatest common factor of 185925 and 259.
37
What is the greatest common factor of 5849888 and 88?
88
What is the greatest common factor of 3096 and 68?
4
What is the greatest common factor of 8 and 274222?
2
Calculate the greatest common factor of 299459 and 19.
19
Calculate the highest common factor of 188 and 612316.
188
What is the highest common divisor of 5 and 3539?
1
What is the greatest common divisor of 85618 and 148?
74
Calculate the greatest common divisor of 146 and 297767.
73
What is the highest common divisor of 3400 and 40960?
40
Calculate the greatest common divisor of 1276 and 26631.
11
What is the highest common factor of 72 and 60600?
24
What is the highest common divisor of 161 and 158148?
23
What is the greatest common factor of 3252 and 4?
4
Calculate the highest common factor of 26483 and 1917.
71
Calculate the highest common factor of 6068 and 925.
37
Calculate the highest common factor of 5120 and 1560.
40
What is the greatest common divisor of 176 and 4532?
44
Calculate the greatest common factor of 579315 and 330.
165
What is the highest common factor of 1789184 and 2892?
964
Calculate the highest common factor of 798450 and 90.
30
Calculate the highest common divisor of 645606 and 52.
26
What is the highest common divisor of 260 and 40508?
52
What is the greatest common factor of 41300 and 69620?
1180
What is the highest common factor of 8019 and 21249?
27
Calculate the highest common divisor of 23987 and 19941.
289
Calculate the greatest common divisor of 817 and 664909.
43
What is the greatest common factor of 118 and 18467?
59
What is the greatest common divisor of 8 and 16986?
2
What is the highest common divisor of 2091 and 162741?
51
What is the greatest common factor of 30554 and 2?